{"id":1390,"date":"2024-12-21T21:12:23","date_gmt":"2024-12-21T20:12:23","guid":{"rendered":"https:\/\/www.elisabethleitner.eu\/elisabethleitnerNEU\/?page_id=1390"},"modified":"2026-04-07T18:44:03","modified_gmt":"2026-04-07T16:44:03","slug":"lehre-weiterbildung-forschung","status":"publish","type":"page","link":"https:\/\/www.elisabethleitner.eu\/elisabethleitnerNEU\/lehre-weiterbildung-forschung\/","title":{"rendered":"Lehre | Weiterbildung | Forschung"},"content":{"rendered":"\t\t<div data-elementor-type=\"wp-page\" data-elementor-id=\"1390\" class=\"elementor elementor-1390\" data-elementor-post-type=\"page\">\n\t\t\t\t<div class=\"elementor-element elementor-element-0a68772 e-flex e-con-boxed e-con e-parent\" data-id=\"0a68772\" data-element_type=\"container\" data-e-type=\"container\">\n\t\t\t\t\t<div class=\"e-con-inner\">\n\t\t\t\t<div class=\"elementor-element elementor-element-e47a2bf elementor-widget elementor-widget-spacer\" data-id=\"e47a2bf\" data-element_type=\"widget\" data-e-type=\"widget\" data-widget_type=\"spacer.default\">\n\t\t\t\t<div class=\"elementor-widget-container\">\n\t\t\t\t\t\t\t<div class=\"elementor-spacer\">\n\t\t\t<div class=\"elementor-spacer-inner\"><\/div>\n\t\t<\/div>\n\t\t\t\t\t\t<\/div>\n\t\t\t\t<\/div>\n\t\t\t\t\t<\/div>\n\t\t\t\t<\/div>\n\t\t<div class=\"elementor-element elementor-element-2892bb9 e-con-full e-flex e-con e-parent\" data-id=\"2892bb9\" data-element_type=\"container\" data-e-type=\"container\">\n\t\t<div class=\"elementor-element elementor-element-2eeff55 e-con-full e-flex e-con e-child\" data-id=\"2eeff55\" data-element_type=\"container\" data-e-type=\"container\">\n\t\t\t\t<\/div>\n\t\t<div class=\"elementor-element elementor-element-0ff9f22 e-con-full e-flex e-con e-child\" data-id=\"0ff9f22\" data-element_type=\"container\" data-e-type=\"container\">\n\t\t\t\t<div class=\"elementor-element elementor-element-33a6e2c elementor-widget elementor-widget-text-editor\" data-id=\"33a6e2c\" data-element_type=\"widget\" data-e-type=\"widget\" data-widget_type=\"text-editor.default\">\n\t\t\t\t<div class=\"elementor-widget-container\">\n\t\t\t\t\t\t\t\t\t<p>Lehre<br \/>Weiterbildung<br \/>Forschung<\/p>\t\t\t\t\t\t\t\t<\/div>\n\t\t\t\t<\/div>\n\t\t\t\t<\/div>\n\t\t<div class=\"elementor-element elementor-element-fc76319 e-con-full e-flex e-con e-child\" data-id=\"fc76319\" data-element_type=\"container\" data-e-type=\"container\">\n\t\t\t\t<\/div>\n\t\t\t\t<\/div>\n\t\t<div class=\"elementor-element elementor-element-94a4dd1 e-con-full e-flex e-con e-parent\" data-id=\"94a4dd1\" data-element_type=\"container\" data-e-type=\"container\">\n\t\t\t\t<div class=\"elementor-element elementor-element-15eda41 elementor-widget elementor-widget-spacer\" data-id=\"15eda41\" data-element_type=\"widget\" data-e-type=\"widget\" data-widget_type=\"spacer.default\">\n\t\t\t\t<div class=\"elementor-widget-container\">\n\t\t\t\t\t\t\t<div class=\"elementor-spacer\">\n\t\t\t<div class=\"elementor-spacer-inner\"><\/div>\n\t\t<\/div>\n\t\t\t\t\t\t<\/div>\n\t\t\t\t<\/div>\n\t\t\t\t<\/div>\n\t\t<div class=\"elementor-element elementor-element-41fe7f2 e-con-full e-flex e-con e-parent\" data-id=\"41fe7f2\" data-element_type=\"container\" data-e-type=\"container\" data-settings=\"{&quot;background_background&quot;:&quot;classic&quot;}\">\n\t\t<div class=\"elementor-element elementor-element-ca677b4 e-con-full e-flex e-con e-child\" data-id=\"ca677b4\" data-element_type=\"container\" data-e-type=\"container\">\n\t\t\t\t<\/div>\n\t\t<div class=\"elementor-element elementor-element-1410401 e-con-full e-flex e-con e-child\" data-id=\"1410401\" data-element_type=\"container\" data-e-type=\"container\">\n\t\t\t\t<div class=\"elementor-element elementor-element-8363a91 elementor-widget elementor-widget-image\" data-id=\"8363a91\" data-element_type=\"widget\" data-e-type=\"widget\" data-widget_type=\"image.default\">\n\t\t\t\t<div class=\"elementor-widget-container\">\n\t\t\t\t\t\t\t\t\t\t\t\t\t\t\t<img fetchpriority=\"high\" decoding=\"async\" width=\"700\" height=\"408\" src=\"https:\/\/www.elisabethleitner.eu\/elisabethleitnerNEU\/wp-content\/uploads\/2024\/12\/2-academia-slideshow-3-crop-u361799.jpg\" class=\"attachment-full size-full wp-image-1335\" alt=\"\" srcset=\"https:\/\/www.elisabethleitner.eu\/elisabethleitnerNEU\/wp-content\/uploads\/2024\/12\/2-academia-slideshow-3-crop-u361799.jpg 700w, https:\/\/www.elisabethleitner.eu\/elisabethleitnerNEU\/wp-content\/uploads\/2024\/12\/2-academia-slideshow-3-crop-u361799-300x175.jpg 300w\" sizes=\"(max-width: 700px) 100vw, 700px\" \/>\t\t\t\t\t\t\t\t\t\t\t\t\t\t\t<\/div>\n\t\t\t\t<\/div>\n\t\t\t\t<\/div>\n\t\t<div class=\"elementor-element elementor-element-b581f59 e-con-full e-flex e-con e-child\" data-id=\"b581f59\" data-element_type=\"container\" data-e-type=\"container\">\n\t\t\t\t<\/div>\n\t\t\t\t<\/div>\n\t\t<div class=\"elementor-element elementor-element-23cf5c7 e-con-full e-flex e-con e-parent\" data-id=\"23cf5c7\" data-element_type=\"container\" data-e-type=\"container\" data-settings=\"{&quot;background_background&quot;:&quot;classic&quot;}\">\n\t\t\t\t<div class=\"elementor-element elementor-element-d3371c3 elementor-widget elementor-widget-spacer\" data-id=\"d3371c3\" data-element_type=\"widget\" data-e-type=\"widget\" data-widget_type=\"spacer.default\">\n\t\t\t\t<div class=\"elementor-widget-container\">\n\t\t\t\t\t\t\t<div class=\"elementor-spacer\">\n\t\t\t<div class=\"elementor-spacer-inner\"><\/div>\n\t\t<\/div>\n\t\t\t\t\t\t<\/div>\n\t\t\t\t<\/div>\n\t\t\t\t<\/div>\n\t\t<div class=\"elementor-element elementor-element-cb6aa9d e-con-full e-flex e-con e-parent\" data-id=\"cb6aa9d\" data-element_type=\"container\" data-e-type=\"container\" data-settings=\"{&quot;background_background&quot;:&quot;classic&quot;}\">\n\t\t<div class=\"elementor-element elementor-element-a47cce4 e-con-full e-flex e-con e-child\" data-id=\"a47cce4\" data-element_type=\"container\" data-e-type=\"container\">\n\t\t\t\t<\/div>\n\t\t<div class=\"elementor-element elementor-element-b1bf0c7 e-con-full e-flex e-con e-child\" data-id=\"b1bf0c7\" data-element_type=\"container\" data-e-type=\"container\">\n\t\t\t\t<div class=\"elementor-element elementor-element-6711de3 elementor-widget elementor-widget-text-editor\" data-id=\"6711de3\" data-element_type=\"widget\" data-e-type=\"widget\" data-widget_type=\"text-editor.default\">\n\t\t\t\t<div class=\"elementor-widget-container\">\n\t\t\t\t\t\t\t\t\t<div><strong><strong>Laufbahnstelle &#8211; Assistant Professorship Tenure Track in Bau- und Planungskultur im l\u00e4ndlichen Raum<\/strong><\/strong><\/div><div><span lang=\"DE\">Technische Universit\u00e4t Wien, Fakult\u00e4t Architektur und Raumplanung<br \/><\/span>seit Herbst 2025<\/div><div>\u00a0<\/div><div><strong><strong>FFG Sondierungsprojekt RURBATICAL<br \/><\/strong><\/strong>RURBATICAL verbindet \u201erural\u201c und \u201eSabbatical\u201c und steht f\u00fcr ein neues Modell einer europ\u00e4ische \u201eTalente-Tauschb\u00f6rse\u201c.<\/div><div><p>2026<\/p><\/div><div>\u00a0<\/div><div><strong><strong>Baukultur \u2013 Impulstage<br \/><\/strong><\/strong>Wissensimpulse mit Workshops zur Weiterentwicklung der Baukultur und Ortsentwicklung in mehreren Gemeinde der Region Donau B\u00f6hmerwald<br \/>2025<\/div><div>\u00a0<\/div><div><strong><strong>Baukultur geht Aufs-Land-Semester<br \/><\/strong><\/strong>Projekt im Rahmen der Baukultur-F\u00f6rderung des BMWKMS<br \/>Mitarbeit im Projektteam<br \/>2025<\/div><div>\u00a0<\/div><div><strong><strong>Praxis Check &#8220;Leerstand mit Aussicht+&#8221;<\/strong><\/strong><br \/>Mitarbeit im Studien-Team<br \/>Auftraggeber Bundesministerium f\u00fcr Landwirtschaft, Regionen und Tourismus<br \/>2024<\/div><div>\u00a0<\/div><div><strong><strong>Entwicklung einer Wanderausstellung zur Wissensvermittlung zum Thema &#8220;Geschlechtsspezifische Rollenbilder aufbrechen&#8221;<\/strong><\/strong><br \/>gemeinsam mit Nika Mitteregger<br \/>Regionalentwicklung Oststeiermark<br \/>2024<\/div><div>\u00a0<\/div><div><strong><strong>g&#8217;scheit bauen &#8211; Baukultur-Weiterbildung in der LEADER-Region Donau B\u00f6hmerwald<\/strong><\/strong><br \/>im Auftrag von LandLuft f\u00fcr die LEADER Region Donau B\u00f6hmerwald<br \/>seit 2024<\/div><div>\u00a0<\/div><div><strong><strong>Baukultur und Raumplanung<\/strong><\/strong><br \/>Lehrgang<br \/>Verwaltungsakademie Land K\u00e4rnten, Amt der K\u00e4rntner Landesregierung Abt.3<br \/>2023<\/div><div>\u00a0<\/div><div><strong><strong>Ressourcenb\u00fcndelung durch Veranstaltungsformate<br \/><\/strong><\/strong>im Rahmen der LVA &#8220;Entwicklungssteuerung&#8221;<br \/>TU Wien, Forschungsbereich St\u00e4dtebau<br \/>2023<\/div><div>\u00a0<\/div><div><strong><strong>Baukultur<\/strong><\/strong><br \/>Arbeitskreis<br \/>St\u00e4dtetag Bad Ischl, 2023<\/div><div>\u00a0<\/div><div><strong><strong>Von Menschen, H\u00e4usern und Baukultur<\/strong><\/strong><br \/>LVA zum Thema &#8220;Einfamilienh\u00e4user&#8221; an der landuni<br \/>TU Wien<br \/>2023<\/div><div>\u00a0<\/div><div><strong><strong>Ressourcenschonende Entwicklung von kommunalen und privaten Baugebieten &#8211; Information, Bewusstseinsbildung, Anleitung zur Anwendung<\/strong><\/strong><br \/>Workshops und Vortr\u00e4ge<br \/>Klima- und Energie-Modellregion Gr\u00fcnes Band S\u00fcdsteiermark<br \/>2023<\/div><div>\u00a0<\/div><div><strong><strong>Baukultur und Raumplanung<\/strong><\/strong><br \/>Lehrgang<br \/>Verwaltungsakademie Land K\u00e4rnten, Amt der K\u00e4rntner Landesregierung Abt.3<br \/>2022<\/div><div>\u00a0<\/div><div><strong><strong>Workshop Open Class \u201eRegionale Projekte umsetzen\u201c<\/strong><\/strong><br \/>Vortrag, Moderation<br \/>im Auftrag von FELIN_female leaders initiative<br \/>2022<\/div><div>\u00a0<\/div><div><strong><strong>Studie Leerstand mit Aussicht. Erhebung und Reaktivierung im Stadt- und Ortskern<\/strong><\/strong><br \/>Mitarbeit, Auftraggeber Bundesministerium f\u00fcr Landwirtschaft, Regionen und Tourismus<br \/>2021-2022<\/div><div>\u00a0<\/div><div><strong><strong>Ist Gestaltung eine Geschmacksfrage?<\/strong><\/strong><br \/>Vortrag und Seminar f\u00fcr Bauamtsleiter*innen<br \/>Regionalmanagement S\u00fcdweststeiermark<br \/>April 2021<\/div><div>\u00a0<\/div><div><strong><strong>Aufbau und Ausbau eines Netzwerks Bildung f\u00fcr Baukultur \u00d6sterreich<\/strong><\/strong><br \/>in Kooperation mit plansinn und Barbara Feller<br \/>im Auftrag des Bundesministeriums Kunst, Kultur, \u00f6ffentlicher Dienst und Sport<br \/>2020<\/div><div>\u00a0<\/div><div><strong><strong>Vierter Baukulturreport \u201eBaukultur Konkret\u201c<\/strong><\/strong><br \/>Mitarbeit<br \/>im Auftrag des Bundesministeriums Kunst, Kultur, \u00f6ffentlicher Dienst und Sport<br \/>2020<\/div><div>\u00a0<\/div><div><strong><strong>Lehrveranstaltungen f\u00fcr Architekturstudierende<\/strong><\/strong><br \/>Entwurfsprojekte, Seminararbeiten, Pr\u00e4sentationstechnik<br \/>an der TU Wien, FH K\u00e4rnten und als Gastkritikerin an anderen europ\u00e4ischen Universit\u00e4ten<br \/>seit 2008<\/div><div>\u00a0<\/div><div><span id=\"u361793-62\"><strong><strong>Studiengangsleitung Architektur<\/strong><\/strong><\/span>\u00a0an der FH K\u00e4rnten<br \/>Lehre, Strategische Planung und Schwerpunktsetzung der Studienrichtung: regionales und soziales Bauen<br \/>Teamentwicklung, MitarbeiterInnenf\u00fchrung<br \/>Management des Lehrbetriebs<br \/>2016-2020<\/div><div>\u00a0<\/div><div><span id=\"u361793-76\"><strong><strong>Universit\u00e4tsassistentin<\/strong><\/strong><\/span> am Institut f\u00fcr St\u00e4dtebau, Landschaftsarchitektur und Entwerfen, TU Wien<br \/>2008-2016<\/div>\t\t\t\t\t\t\t\t<\/div>\n\t\t\t\t<\/div>\n\t\t\t\t<\/div>\n\t\t<div class=\"elementor-element elementor-element-905f265 e-con-full e-flex e-con e-child\" data-id=\"905f265\" data-element_type=\"container\" data-e-type=\"container\">\n\t\t\t\t<\/div>\n\t\t\t\t<\/div>\n\t\t<div class=\"elementor-element elementor-element-4880a7d e-con-full e-flex e-con e-parent\" data-id=\"4880a7d\" data-element_type=\"container\" data-e-type=\"container\" data-settings=\"{&quot;background_background&quot;:&quot;classic&quot;}\">\n\t\t\t\t<div class=\"elementor-element elementor-element-4a35848 elementor-widget elementor-widget-spacer\" data-id=\"4a35848\" data-element_type=\"widget\" data-e-type=\"widget\" data-widget_type=\"spacer.default\">\n\t\t\t\t<div class=\"elementor-widget-container\">\n\t\t\t\t\t\t\t<div class=\"elementor-spacer\">\n\t\t\t<div class=\"elementor-spacer-inner\"><\/div>\n\t\t<\/div>\n\t\t\t\t\t\t<\/div>\n\t\t\t\t<\/div>\n\t\t\t\t<\/div>\n\t\t<div class=\"elementor-element elementor-element-0076087 e-con-full e-flex e-con e-parent\" data-id=\"0076087\" data-element_type=\"container\" data-e-type=\"container\" data-settings=\"{&quot;background_background&quot;:&quot;classic&quot;}\">\n\t\t<div class=\"elementor-element elementor-element-74dc968 e-con-full e-flex e-con e-child\" data-id=\"74dc968\" data-element_type=\"container\" data-e-type=\"container\">\n\t\t\t\t<\/div>\n\t\t<div class=\"elementor-element elementor-element-aef7526 e-con-full e-flex e-con e-child\" data-id=\"aef7526\" data-element_type=\"container\" data-e-type=\"container\">\n\t\t\t\t<div class=\"elementor-element elementor-element-369658e elementor-widget elementor-widget-text-editor\" data-id=\"369658e\" data-element_type=\"widget\" data-e-type=\"widget\" data-widget_type=\"text-editor.default\">\n\t\t\t\t<div class=\"elementor-widget-container\">\n\t\t\t\t\t\t\t\t\t<p><a href=\"https:\/\/www.elisabethleitner.eu\/elisabethleitnerNEU\/?page_id=1438\"><strong> <strong> &gt; Presse<\/strong> <\/strong><\/a><br \/>Medien sind Verst\u00e4rker: Und die kann man f\u00fcr seine Zwecke nutzen. In Interviews oder als Expertin und Input-Geberin f\u00fcr Hintergrundgeschichten.<\/p>\t\t\t\t\t\t\t\t<\/div>\n\t\t\t\t<\/div>\n\t\t\t\t<\/div>\n\t\t<div class=\"elementor-element elementor-element-59d647d e-con-full e-flex e-con e-child\" data-id=\"59d647d\" data-element_type=\"container\" data-e-type=\"container\">\n\t\t\t\t<\/div>\n\t\t\t\t<\/div>\n\t\t<div class=\"elementor-element elementor-element-9fd9005 e-con-full e-flex e-con e-parent\" data-id=\"9fd9005\" data-element_type=\"container\" data-e-type=\"container\">\n\t\t\t\t<div class=\"elementor-element elementor-element-9f906b3 elementor-widget elementor-widget-spacer\" data-id=\"9f906b3\" data-element_type=\"widget\" data-e-type=\"widget\" data-widget_type=\"spacer.default\">\n\t\t\t\t<div class=\"elementor-widget-container\">\n\t\t\t\t\t\t\t<div class=\"elementor-spacer\">\n\t\t\t<div class=\"elementor-spacer-inner\"><\/div>\n\t\t<\/div>\n\t\t\t\t\t\t<\/div>\n\t\t\t\t<\/div>\n\t\t\t\t<\/div>\n\t\t\t\t<\/div>\n\t\t","protected":false},"excerpt":{"rendered":"<p>LehreWeiterbildungForschung Laufbahnstelle &#8211; Assistant Professorship Tenure Track in Bau- und Planungskultur im l\u00e4ndlichen RaumTechnische Universit\u00e4t Wien, Fakult\u00e4t Architektur und Raumplanungseit Herbst 2025\u00a0FFG Sondierungsprojekt RURBATICALRURBATICAL verbindet \u201erural\u201c und \u201eSabbatical\u201c und steht f\u00fcr ein neues Modell einer europ\u00e4ische \u201eTalente-Tauschb\u00f6rse\u201c. 2026 \u00a0Baukultur \u2013 ImpulstageWissensimpulse mit Workshops zur Weiterentwicklung der Baukultur und Ortsentwicklung in mehreren Gemeinde der Region Donau [&hellip;]<\/p>\n","protected":false},"author":1,"featured_media":0,"parent":0,"menu_order":0,"comment_status":"closed","ping_status":"closed","template":"","meta":{"footnotes":""},"class_list":["post-1390","page","type-page","status-publish","hentry"],"_links":{"self":[{"href":"https:\/\/www.elisabethleitner.eu\/elisabethleitnerNEU\/wp-json\/wp\/v2\/pages\/1390","targetHints":{"allow":["GET"]}}],"collection":[{"href":"https:\/\/www.elisabethleitner.eu\/elisabethleitnerNEU\/wp-json\/wp\/v2\/pages"}],"about":[{"href":"https:\/\/www.elisabethleitner.eu\/elisabethleitnerNEU\/wp-json\/wp\/v2\/types\/page"}],"author":[{"embeddable":true,"href":"https:\/\/www.elisabethleitner.eu\/elisabethleitnerNEU\/wp-json\/wp\/v2\/users\/1"}],"replies":[{"embeddable":true,"href":"https:\/\/www.elisabethleitner.eu\/elisabethleitnerNEU\/wp-json\/wp\/v2\/comments?post=1390"}],"version-history":[{"count":49,"href":"https:\/\/www.elisabethleitner.eu\/elisabethleitnerNEU\/wp-json\/wp\/v2\/pages\/1390\/revisions"}],"predecessor-version":[{"id":2902,"href":"https:\/\/www.elisabethleitner.eu\/elisabethleitnerNEU\/wp-json\/wp\/v2\/pages\/1390\/revisions\/2902"}],"wp:attachment":[{"href":"https:\/\/www.elisabethleitner.eu\/elisabethleitnerNEU\/wp-json\/wp\/v2\/media?parent=1390"}],"curies":[{"name":"wp","href":"https:\/\/api.w.org\/{rel}","templated":true}]}}